{"id":373,"date":"2021-10-20T09:54:51","date_gmt":"2021-10-20T09:54:51","guid":{"rendered":"http:\/\/europa112.pl\/?page_id=373"},"modified":"2021-10-29T13:31:55","modified_gmt":"2021-10-29T13:31:55","slug":"mdp","status":"publish","type":"page","link":"https:\/\/europa112.pl\/index.php\/mdp\/","title":{"rendered":"MDP"},"content":{"rendered":"<h4 id=\"mce_21\" class=\"editor-rich-text__tinymce mce-content-body\" role=\"textbox\" contenteditable=\"true\" aria-label=\"Write heading\u2026\" aria-autocomplete=\"list\" aria-multiline=\"true\" data-is-placeholder-visible=\"false\">M\u0142odzie\u017cowe Dru\u017cyny Po\u017carnicze<img loading=\"lazy\" class=\"size-full wp-image-417 alignright\" src=\"http:\/\/europa112.pl\/wp-content\/uploads\/2021\/10\/MDP_Logo-2.jpg\" alt=\"\" width=\"298\" height=\"216\"><\/h4>\n<blockquote>\n<p><strong>Projekt przygotowuje lokaln\u0105 m\u0142odzie\u017c do pracy spo\u0142ecznej na rzecz szeroko rozumianego bezpiecze\u0144stwa, w tym ochrony przeciwpo\u017carowej mi\u0119dzy innymi poprzez s\u0142u\u017cb\u0119 w szeregach ochotniczych stra\u017cy po\u017carnych.<\/strong><\/p>\n<p>Istotnym elementem przedsi\u0119wzi\u0119cia jest promowanie w\u015br\u00f3d cz\u0142onk\u00f3w m\u0142odzie\u017cowych dru\u017cyn pozytywnych postaw wobec szeroko poj\u0119tego bezpiecze\u0144stwa w\u0142asnego oraz odpowiedzialno\u015bci za stan bezpiecze\u0144stwa w otoczeniu rodzinnym czy r\u00f3wie\u015bniczym.<\/p>\n<p>W ramach realizacji programu edukacyjnego M\u0142odzie\u017cowych Dru\u017cyn Po\u017carniczych&nbsp; (MDP) dzia\u0142aj\u0105cych w Ochotniczych Stra\u017cach Po\u017carnych na trenie Gniny Celestyn\u00f3w, powsta\u0142 projekt uaktywnienia ich cz\u0142onk\u00f3w w 2021 roku pod nazw\u0105 &nbsp;\u201d<strong><em>Poznaj i zadbaj o bezpiecze\u0144stwo las\u00f3w oraz celestynowskie rezerwaty<\/em><\/strong>\u201d.<\/p>\n<p>Dzia\u0142ania wzmacniaj\u0105ce rozw\u00f3j projektu w gminie Celestyn\u00f3w<br>&#8211; szkolenia instruktor\u00f3w\/dow\u00f3dc\u00f3w MDP (spotkanie informacyjno \u2013 instrukta\u017cowe 11.04.2019.<br>&#8211; roczny harmonogram dzia\u0142a\u0144 MDP &#8211; sesje szkoleniowe dla Cz\u0142onk\u00f3w MDP &#8211; I Otwarte Dni OSP &#8211; warsztaty wychowania patriotycznego &#8211; olimpiada z zakresu zdobytej wiedzy &#8211; mi\u0119dzydru\u017cynowy turniej sportowy II. Rozw\u00f3j projektu w gminach powiatu otwockiego<br>&#8211; czas realizacji: III &#8211; IVQ 2019r.<br>&#8211; \u017ar\u00f3d\u0142a finansowania: w ramach projektu zg\u0142oszonego do konkursu Funduszu Inicjatyw Obywatelskich 2019 \u2013 priorytet: AKTYWNI OBYWATELE<\/p>\n<\/blockquote>\n\n\n<ul class=\"wp-container-2 wp-block-gallery-1 wp-block-gallery columns-3 is-cropped\"><li class=\"blocks-gallery-item\"><figure><a href=\"http:\/\/europa112.pl\/wp-content\/uploads\/2021\/10\/foto1.jpg\"><img loading=\"lazy\" width=\"750\" height=\"561\" src=\"http:\/\/europa112.pl\/wp-content\/uploads\/2021\/10\/foto1.jpg\" alt=\"\" data-id=\"404\" data-link=\"http:\/\/europa112.pl\/?attachment_id=404\" class=\"wp-image-404\" srcset=\"https:\/\/europa112.pl\/wp-content\/uploads\/2021\/10\/foto1.jpg 750w, https:\/\/europa112.pl\/wp-content\/uploads\/2021\/10\/foto1-300x224.jpg 300w\" sizes=\"(max-width: 750px) 100vw, 750px\" \/><\/a><\/figure><\/li><li class=\"blocks-gallery-item\"><figure><a href=\"http:\/\/europa112.pl\/wp-content\/uploads\/2021\/10\/foto2.jpg\"><img loading=\"lazy\" width=\"750\" height=\"561\" src=\"http:\/\/europa112.pl\/wp-content\/uploads\/2021\/10\/foto2.jpg\" alt=\"\" data-id=\"405\" data-link=\"http:\/\/europa112.pl\/?attachment_id=405\" class=\"wp-image-405\" srcset=\"https:\/\/europa112.pl\/wp-content\/uploads\/2021\/10\/foto2.jpg 750w, https:\/\/europa112.pl\/wp-content\/uploads\/2021\/10\/foto2-300x224.jpg 300w\" sizes=\"(max-width: 750px) 100vw, 750px\" \/><\/a><\/figure><\/li><li class=\"blocks-gallery-item\"><figure><a href=\"http:\/\/europa112.pl\/wp-content\/uploads\/2021\/10\/foto3.jpg\"><img loading=\"lazy\" width=\"750\" height=\"561\" src=\"http:\/\/europa112.pl\/wp-content\/uploads\/2021\/10\/foto3.jpg\" alt=\"\" data-id=\"406\" data-link=\"http:\/\/europa112.pl\/?attachment_id=406\" class=\"wp-image-406\" srcset=\"https:\/\/europa112.pl\/wp-content\/uploads\/2021\/10\/foto3.jpg 750w, https:\/\/europa112.pl\/wp-content\/uploads\/2021\/10\/foto3-300x224.jpg 300w\" sizes=\"(max-width: 750px) 100vw, 750px\" \/><\/a><\/figure><\/li><\/ul>\n\n\n\n\n\n<figure class=\"wp-block-video\"><video controls src=\"http:\/\/europa112.pl\/wp-content\/uploads\/2021\/10\/pasowanie.mp4\"><\/video><\/figure>\n\n\n\n<figure class=\"wp-block-video\"><video controls src=\"http:\/\/europa112.pl\/wp-content\/uploads\/2021\/10\/pasowanie-cz2.mp4\"><\/video><\/figure>\n\n\n\n<h5><\/h5>\n\n\n\n<h4><strong>GMINNY DZIE\u0143 BEZPIECZE\u0143STWA W CELESTNOWIE <\/strong><\/h4>\n\n\n\n<blockquote>\n\n<p><strong> \u00a0 \u201e\u017bYJMY BEZPIECZNIE\u201d <\/strong>W dniu 27 wrze\u015bnia 2018r odby\u0142 si\u0119 Gminny Dzie\u0144 Bezpiecze\u0144stwa w Celestynowie. <br> \u201e\u017byjmy Bezpiecznie\u201d &#8211; to nie tylko has\u0142o tego wydarzenia,\u00a0 ale to przede wszystkim tytu\u0142 projektu realizowanego przez Ochotnicz\u0105 Stra\u017c Po\u017carn\u0105 w D\u0105br\u00f3wce przy wsparciu W\u00f3jta Gminy \u00a0Celestyn\u00f3w oraz Fundacji Europa 112\u00a0 w ramach zadania publicznego Wojew\u00f3dztwa Mazowieckiego w obszarze Porz\u0105dek i Bezpiecze\u0144stwo. <br> \u00a0\u00a0\u00a0\u00a0\u00a0\u00a0\u00a0\u00a0\u00a0\u00a0\u00a0 Od godzin porannych na terenie bior\u0105cych udzia\u0142 w projekcie ochotniczych stra\u017cy po\u017carnych w miejscowo\u015bciach: D\u0105br\u00f3wka, Zabie\u017cki, Podbiel, Regut oraz Celestyn\u00f3w odby\u0142y si\u0119 pokazy ratownictwa oraz prezentacje przygotowane przez M\u0142odzie\u017cowe Dru\u017cyny Po\u017carnicze (MDP) pod czujnym okiem stra\u017cak\u00f3w ochotnik\u00f3w. Warto podkre\u015bli\u0107, \u017ce od 2018 roku\u00a0 na terenie gminy Celestyn\u00f3w w sze\u015bciu jednostkach ochotniczych stra\u017cy po\u017carnych oficjalnie dzia\u0142aj\u0105\u00a0 M\u0142odzie\u017cowe Dru\u017cyny Po\u017carnicze.\u00a0 <br> Opr\u00f3cz pokaz\u00f3w odby\u0142a si\u0119 tak\u017ce Wielka Olimpiada o Bezpiecze\u0144stwie pn. \u201e<strong>Jak \u017cy\u0107 bezpiecznie?\u201d, <\/strong>w ramach kt\u00f3rej m\u0142odzie\u017c rozwi\u0105zywa\u0142a testy wiedzy dotycz\u0105ce\u00a0 bezpiecze\u0144stwa\u00a0 oraz przesy\u0142a\u0142a prace na konkurs plastyczny.  <\/p>\n\n\n\n<p><\/p>\n\n\n\n<hr class=\"wp-block-separator\"\/>\n\n\n\n<p><\/p>\n\n\n\n<p><\/p>\n","protected":false},"excerpt":{"rendered":"<p>M\u0142odzie\u017cowe Dru\u017cyny Po\u017carnicze Projekt przygotowuje lokaln\u0105 m\u0142odzie\u017c do pracy spo\u0142ecznej na rzecz szeroko rozumianego bezpiecze\u0144stwa, w tym ochrony przeciwpo\u017carowej mi\u0119dzy innymi poprzez s\u0142u\u017cb\u0119 w szeregach ochotniczych stra\u017cy po\u017carnych. Istotnym elementem przedsi\u0119wzi\u0119cia jest promowanie w\u015br\u00f3d cz\u0142onk\u00f3w m\u0142odzie\u017cowych dru\u017cyn pozytywnych postaw wobec szeroko poj\u0119tego bezpiecze\u0144stwa w\u0142asnego oraz odpowiedzialno\u015bci za stan bezpiecze\u0144stwa w otoczeniu rodzinnym czy r\u00f3wie\u015bniczym. W ramach realizacji programu edukacyjnego M\u0142odzie\u017cowych Dru\u017cyn Po\u017carniczych&nbsp; (MDP) dzia\u0142aj\u0105cych w Ochotniczych Stra\u017cach Po\u017carnych na trenie Gniny Celestyn\u00f3w, powsta\u0142 projekt uaktywnienia ich cz\u0142onk\u00f3w w 2021 roku pod nazw\u0105 &nbsp;\u201dPoznaj i zadbaj o bezpiecze\u0144stwo las\u00f3w oraz celestynowskie rezerwaty\u201d. Dzia\u0142ania wzmacniaj\u0105ce rozw\u00f3j projektu w gminie Celestyn\u00f3w&#8211; szkolenia instruktor\u00f3w\/dow\u00f3dc\u00f3w MDP (spotkanie informacyjno \u2013 instrukta\u017cowe 11.04.2019.&#8211; roczny harmonogram dzia\u0142a\u0144 MDP &#8211; sesje szkoleniowe dla Cz\u0142onk\u00f3w MDP &#8211; I Otwarte Dni OSP &#8211; warsztaty wychowania patriotycznego &#8211; olimpiada z zakresu zdobytej wiedzy &#8211; mi\u0119dzydru\u017cynowy turniej sportowy II. Rozw\u00f3j projektu w gminach powiatu otwockiego&#8211; czas realizacji: III &#8211; IVQ 2019r.&#8211; \u017ar\u00f3d\u0142a finansowania: w ramach projektu zg\u0142oszonego do konkursu Funduszu Inicjatyw Obywatelskich 2019 \u2013 priorytet: AKTYWNI OBYWATELE GMINNY DZIE\u0143 BEZPIECZE\u0143STWA W CELESTNOWIE \u00a0 \u201e\u017bYJMY BEZPIECZNIE\u201d W dniu 27 wrze\u015bnia 2018r odby\u0142 si\u0119 Gminny Dzie\u0144 Bezpiecze\u0144stwa w Celestynowie. \u201e\u017byjmy Bezpiecznie\u201d &#8211; to nie tylko has\u0142o tego wydarzenia,\u00a0 ale to przede wszystkim tytu\u0142 projektu realizowanego przez Ochotnicz\u0105 Stra\u017c Po\u017carn\u0105 w D\u0105br\u00f3wce przy wsparciu W\u00f3jta Gminy \u00a0Celestyn\u00f3w oraz Fundacji Europa 112\u00a0 w ramach zadania publicznego Wojew\u00f3dztwa Mazowieckiego w obszarze Porz\u0105dek i Bezpiecze\u0144stwo. \u00a0\u00a0\u00a0\u00a0\u00a0\u00a0\u00a0\u00a0\u00a0\u00a0\u00a0 Od godzin porannych na terenie bior\u0105cych udzia\u0142 w projekcie ochotniczych stra\u017cy po\u017carnych w miejscowo\u015bciach: D\u0105br\u00f3wka, Zabie\u017cki, Podbiel, Regut oraz Celestyn\u00f3w odby\u0142y si\u0119 pokazy ratownictwa oraz prezentacje przygotowane przez M\u0142odzie\u017cowe Dru\u017cyny Po\u017carnicze (MDP) pod czujnym okiem stra\u017cak\u00f3w ochotnik\u00f3w. Warto podkre\u015bli\u0107, \u017ce od 2018 roku\u00a0 na terenie gminy Celestyn\u00f3w w sze\u015bciu jednostkach ochotniczych stra\u017cy po\u017carnych oficjalnie dzia\u0142aj\u0105\u00a0 M\u0142odzie\u017cowe Dru\u017cyny Po\u017carnicze.\u00a0 Opr\u00f3cz pokaz\u00f3w odby\u0142a si\u0119 tak\u017ce Wielka Olimpiada o Bezpiecze\u0144stwie pn. \u201eJak \u017cy\u0107 bezpiecznie?\u201d, w ramach kt\u00f3rej m\u0142odzie\u017c rozwi\u0105zywa\u0142a testy wiedzy dotycz\u0105ce\u00a0 bezpiecze\u0144stwa\u00a0 oraz przesy\u0142a\u0142a prace na konkurs plastyczny.<\/p>\n","protected":false},"author":1,"featured_media":0,"parent":0,"menu_order":0,"comment_status":"closed","ping_status":"closed","template":"","meta":[],"_links":{"self":[{"href":"https:\/\/europa112.pl\/index.php\/wp-json\/wp\/v2\/pages\/373"}],"collection":[{"href":"https:\/\/europa112.pl\/index.php\/wp-json\/wp\/v2\/pages"}],"about":[{"href":"https:\/\/europa112.pl\/index.php\/wp-json\/wp\/v2\/types\/page"}],"author":[{"embeddable":true,"href":"https:\/\/europa112.pl\/index.php\/wp-json\/wp\/v2\/users\/1"}],"replies":[{"embeddable":true,"href":"https:\/\/europa112.pl\/index.php\/wp-json\/wp\/v2\/comments?post=373"}],"version-history":[{"count":19,"href":"https:\/\/europa112.pl\/index.php\/wp-json\/wp\/v2\/pages\/373\/revisions"}],"predecessor-version":[{"id":492,"href":"https:\/\/europa112.pl\/index.php\/wp-json\/wp\/v2\/pages\/373\/revisions\/492"}],"wp:attachment":[{"href":"https:\/\/europa112.pl\/index.php\/wp-json\/wp\/v2\/media?parent=373"}],"curies":[{"name":"wp","href":"https:\/\/api.w.org\/{rel}","templated":true}]}}