{"id":50,"date":"2018-04-09T09:54:17","date_gmt":"2018-04-09T09:54:17","guid":{"rendered":"http:\/\/europa112.pl\/?page_id=50"},"modified":"2021-10-25T13:01:41","modified_gmt":"2021-10-25T13:01:41","slug":"konferencje","status":"publish","type":"page","link":"https:\/\/europa112.pl\/index.php\/dzialalnosc\/konferencje\/","title":{"rendered":"Konferencje"},"content":{"rendered":"\n<blockquote><figure><h4>Projekt edukacyjno-kulturalny &#8222;PATRIOTYZM WCZORAJ, DZISIAJ, JUTRO \u2013 CO KAZDY WIEDZIEC POWINIEN&#8221;<\/h4><h5>III -IV kwarta\u0142 2019 roku,<\/h4>\n<h5>&#8222;Patriotyzm-symbole narodowe&#8221; Projekt realizowany w ca\u0142ej gminie Celestyn\u00f3w<\/h5><p>\n<\/blockquote>\n\n\n\n<hr class=\"wp-block-separator\"\/>\n\n\n\n<blockquote><figure><h4>Debata &#8222;BEZPIECZE\u0143STWO WSP\u00d3LNA SPRAW\u0104 \u2013 PERSPEKTYWY I WYZWANIA&#8221;<\/h4><h5>30 wrze\u015bnia 2019 roku, godz. 12:00<\/h5>\n<h5>W Teatrze Miejskim  im. St.Jaracza w Otwocku<\/h5><p>\n<\/p><\/figure><\/blockquote>\n\n\n\n<hr class=\"wp-block-separator\"\/>\n\n\n\n<blockquote><figure><h4>Konferencja &#8222;CO ROBI\u0106 ABY BY\u0106 BEZPIECZNYM? &#8222;<\/h4><h5> 2017 rok.<\/h4>\n<h5><\/h5><p>\n<\/blockquote>\n\n\n\n<hr class=\"wp-block-separator\"\/>\n\n\n\n<blockquote><figure><h4>Szkolenia dla Mieszka\u0144c\u00f3w Powiatu Otwockiego dotycz\u0105ce ostrzegania i alarmowania ludno\u015bci przed zjawiskami katastrofalnymi i innymi zagro\u017ceniami<\/h4><h5>2017r.<\/h5><p><a <\/p>\n<\/blockquote>\n\n\n\n<hr class=\"wp-block-separator\"\/>\n\n\n\n<blockquote><figure><h4>Konferencja &#8222;BEZPIECZNY POWIAT \u2013 EDUKACJA ANTYTERRORYSTYCZNA &#8222;<\/h4><h5>9 grudnia 2016 roku, godz. 12:00<\/h4>\n<h5>Komenda Powiatowa Pa\u0144stwowej Stra\u017cy Po\u017carnej w Otwocku<\/h5><p>\n<\/blockquote>\n\n\n\n<hr class=\"wp-block-separator\"\/>\n\n\n\n<blockquote><figure><h4>Konferencja &#8222;Uwarunkowania bezpiecze\u0144stwa mieszka\u0144c\u00f3w, infrastruktury i \u015brodowiska &#8211; gospodarowanie energi\u0105 i wod\u0105 &#8222;<\/h4><h5>Restauracja STYLOWA w Otwocku, 23 lutego 2016 r.<\/h5><p><a href=\"http:\/\/europa112.pl\/20160223_zaproszenie.pdf\">Zaproszenie&nbsp; na konferencj\u0119<\/a><\/p>\n<\/blockquote>\n\n\n\n<p><\/p>\n\n\n\n<h4><\/h4>\n\n\n\n\n\n<hr class=\"wp-block-separator\"\/>\n\n\n\n<blockquote><figure><img loading=\"lazy\" class=\"alignnone size-full wp-image-51\" src=\"http:\/\/europa112.pl\/wp-content\/uploads\/2018\/04\/konferencje-1.jpg\" alt=\"\" width=\"960\" height=\"540\" srcset=\"https:\/\/europa112.pl\/wp-content\/uploads\/2018\/04\/konferencje-1.jpg 960w, https:\/\/europa112.pl\/wp-content\/uploads\/2018\/04\/konferencje-1-300x169.jpg 300w, https:\/\/europa112.pl\/wp-content\/uploads\/2018\/04\/konferencje-1-768x432.jpg 768w\" sizes=\"(max-width: 960px) 100vw, 960px\" \/><\/figure><p><br><a href=\"http:\/\/europa112.pl\/powiazania.pdf\">Powi\u0105zania<\/a>&nbsp; &nbsp; &nbsp; &nbsp; &nbsp; &nbsp; <a href=\"http:\/\/europa112.pl\/gmina_wiozawna.pdf\">Gmina Wi\u0105zowna<\/a>&nbsp; &nbsp; &nbsp; &nbsp; &nbsp;&nbsp;<a href=\"http:\/\/europa112.pl\/bezpieczenstwo.pdf\">Bezpiecze\u0144stwo<\/a><\/p><\/blockquote>\n\n\n\n<hr class=\"wp-block-separator\"\/>\n\n\n\n<blockquote><h4>Konferencja &#8222;Bezpiecze\u0144stwo energetyczne w gminie Wi\u0105zowna&#8221;<\/h4><h5>Wi\u0105zowna, 25 wrze\u015bnia 2014 r.<\/h5><p><a href=\"http:\/\/europa112.pl\/zaproszenie.pdf\">Zaproszenie na konferencj\u0119<\/a><\/p><p><a href=\"http:\/\/europa112.pl\/program_konferencji.pdf\">Program konferencji<\/a><\/p><\/blockquote>\n","protected":false},"excerpt":{"rendered":"<p>Projekt edukacyjno-kulturalny &#8222;PATRIOTYZM WCZORAJ, DZISIAJ, JUTRO \u2013 CO KAZDY WIEDZIEC POWINIEN&#8221; III -IV kwarta\u0142 2019 roku, &#8222;Patriotyzm-symbole narodowe&#8221; Projekt realizowany w ca\u0142ej gminie Celestyn\u00f3w Debata &#8222;BEZPIECZE\u0143STWO WSP\u00d3LNA SPRAW\u0104 \u2013 PERSPEKTYWY I WYZWANIA&#8221; 30 wrze\u015bnia 2019 roku, godz. 12:00 W Teatrze Miejskim im. St.Jaracza w Otwocku Konferencja &#8222;CO ROBI\u0106 ABY BY\u0106 BEZPIECZNYM? &#8222; 2017 rok. Szkolenia dla Mieszka\u0144c\u00f3w Powiatu Otwockiego dotycz\u0105ce ostrzegania i alarmowania ludno\u015bci przed zjawiskami katastrofalnymi i innymi zagro\u017ceniami 2017r.<\/p>\n","protected":false},"author":1,"featured_media":208,"parent":47,"menu_order":0,"comment_status":"closed","ping_status":"closed","template":"","meta":[],"_links":{"self":[{"href":"https:\/\/europa112.pl\/index.php\/wp-json\/wp\/v2\/pages\/50"}],"collection":[{"href":"https:\/\/europa112.pl\/index.php\/wp-json\/wp\/v2\/pages"}],"about":[{"href":"https:\/\/europa112.pl\/index.php\/wp-json\/wp\/v2\/types\/page"}],"author":[{"embeddable":true,"href":"https:\/\/europa112.pl\/index.php\/wp-json\/wp\/v2\/users\/1"}],"replies":[{"embeddable":true,"href":"https:\/\/europa112.pl\/index.php\/wp-json\/wp\/v2\/comments?post=50"}],"version-history":[{"count":33,"href":"https:\/\/europa112.pl\/index.php\/wp-json\/wp\/v2\/pages\/50\/revisions"}],"predecessor-version":[{"id":474,"href":"https:\/\/europa112.pl\/index.php\/wp-json\/wp\/v2\/pages\/50\/revisions\/474"}],"up":[{"embeddable":true,"href":"https:\/\/europa112.pl\/index.php\/wp-json\/wp\/v2\/pages\/47"}],"wp:featuredmedia":[{"embeddable":true,"href":"https:\/\/europa112.pl\/index.php\/wp-json\/wp\/v2\/media\/208"}],"wp:attachment":[{"href":"https:\/\/europa112.pl\/index.php\/wp-json\/wp\/v2\/media?parent=50"}],"curies":[{"name":"wp","href":"https:\/\/api.w.org\/{rel}","templated":true}]}}