{"id":62,"date":"2018-04-09T09:58:07","date_gmt":"2018-04-09T09:58:07","guid":{"rendered":"http:\/\/europa112.pl\/?page_id=62"},"modified":"2018-04-09T09:58:07","modified_gmt":"2018-04-09T09:58:07","slug":"rada-programowa","status":"publish","type":"page","link":"https:\/\/europa112.pl\/index.php\/o-nas-2\/rada-programowa\/","title":{"rendered":"Rada Programowa"},"content":{"rendered":"<p>Rada sk\u0142ada si\u0119 z 3 do 7 cz\u0142onk\u00f3w, wskazanych przez Zarz\u0105d Fundacji.<\/p>\n<h4>Sk\u0142ad Rady programowej<\/h4>\n<blockquote><p>&nbsp;<\/p>\n<p>prof. dr hab. in\u017c. Miros\u0142aw Dytczak (przewodnicz\u0105cy)<br \/>\ne-mail:\u00a0<a href=\"mailto:mdytczak@europa112.pl\">mdytczak@europa112.pl<\/a><br \/>\ndr in\u017c. Grzegorz Ginda &#8211; e-mail:\u00a0<a href=\"mailto:gginda@europa112.pl\">gginda@europa112.pl<\/a><br \/>\nmgr in\u017c. Ryszard Ko\u0107 &#8211; e-mail:\u00a0<a href=\"mailto:rkoc@europa112.pl\">rkoc@europa112.pl<\/a><br \/>\ndr in\u017c. Marek Sk\u0142odowski &#8211; e-mail:\u00a0<a href=\"mailto:msklodowski@europa112.pl\">msklodowski@europa112.pl<\/a><\/p><\/blockquote>\n<hr \/>\n<h4>Do zada\u0144 Rady nale\u017cy:<\/h4>\n<blockquote>\n<ol>\n<li>Inicjowanie g\u0142\u00f3wnych kierunk\u00f3w dzia\u0142alno\u015bci Fundacji.<\/li>\n<li>Wytyczanie zada\u0144 Fundacji.<\/li>\n<li>Wyra\u017canie opinii w sprawach przekazanych Radzie przez Zarz\u0105d.<\/li>\n<li>Opiniowanie rocznych i wieloletnich plan\u00f3w dzia\u0142ania Fundacji.<\/li>\n<li>Podejmowanie decyzji w sprawach przyznania stypendi\u00f3w, nagr\u00f3d wyr\u00f3\u017cnie\u0144, odznak i medali honorowych.<\/li>\n<li>Przygotowywanie projekt\u00f3w zmian statutu.<\/li>\n<li>Wyra\u017canie opinii w sprawach przedstawionych jej przez Zarz\u0105d Fundacji.<\/li>\n<li>Propagowanie dzia\u0142alno\u015bci Fundacji w mediach poprzez dzia\u0142alno\u015b\u0107 reklamow\u0105 i publicystyczn\u0105.<\/li>\n<\/ol>\n<\/blockquote>\n","protected":false},"excerpt":{"rendered":"<p>Rada sk\u0142ada si\u0119 z 3 do 7 cz\u0142onk\u00f3w, wskazanych przez Zarz\u0105d Fundacji. Sk\u0142ad Rady programowej &nbsp; prof. dr hab. in\u017c. Miros\u0142aw Dytczak (przewodnicz\u0105cy) e-mail:\u00a0mdytczak@europa112.pl dr in\u017c. Grzegorz Ginda &#8211; e-mail:\u00a0gginda@europa112.pl mgr in\u017c. Ryszard Ko\u0107 &#8211; e-mail:\u00a0rkoc@europa112.pl dr in\u017c. Marek Sk\u0142odowski &#8211; e-mail:\u00a0msklodowski@europa112.pl Do zada\u0144 Rady nale\u017cy: Inicjowanie g\u0142\u00f3wnych kierunk\u00f3w dzia\u0142alno\u015bci Fundacji. Wytyczanie zada\u0144 Fundacji. Wyra\u017canie opinii w sprawach przekazanych Radzie przez Zarz\u0105d. Opiniowanie rocznych i wieloletnich plan\u00f3w dzia\u0142ania Fundacji. Podejmowanie decyzji w sprawach przyznania stypendi\u00f3w, nagr\u00f3d wyr\u00f3\u017cnie\u0144, odznak i medali honorowych. Przygotowywanie projekt\u00f3w zmian statutu. Wyra\u017canie opinii w sprawach przedstawionych jej przez Zarz\u0105d Fundacji. Propagowanie dzia\u0142alno\u015bci Fundacji w mediach poprzez dzia\u0142alno\u015b\u0107 reklamow\u0105 i publicystyczn\u0105.<\/p>\n","protected":false},"author":1,"featured_media":0,"parent":43,"menu_order":0,"comment_status":"closed","ping_status":"closed","template":"","meta":[],"_links":{"self":[{"href":"https:\/\/europa112.pl\/index.php\/wp-json\/wp\/v2\/pages\/62"}],"collection":[{"href":"https:\/\/europa112.pl\/index.php\/wp-json\/wp\/v2\/pages"}],"about":[{"href":"https:\/\/europa112.pl\/index.php\/wp-json\/wp\/v2\/types\/page"}],"author":[{"embeddable":true,"href":"https:\/\/europa112.pl\/index.php\/wp-json\/wp\/v2\/users\/1"}],"replies":[{"embeddable":true,"href":"https:\/\/europa112.pl\/index.php\/wp-json\/wp\/v2\/comments?post=62"}],"version-history":[{"count":1,"href":"https:\/\/europa112.pl\/index.php\/wp-json\/wp\/v2\/pages\/62\/revisions"}],"predecessor-version":[{"id":63,"href":"https:\/\/europa112.pl\/index.php\/wp-json\/wp\/v2\/pages\/62\/revisions\/63"}],"up":[{"embeddable":true,"href":"https:\/\/europa112.pl\/index.php\/wp-json\/wp\/v2\/pages\/43"}],"wp:attachment":[{"href":"https:\/\/europa112.pl\/index.php\/wp-json\/wp\/v2\/media?parent=62"}],"curies":[{"name":"wp","href":"https:\/\/api.w.org\/{rel}","templated":true}]}}